+ 6*x(g). What is v(-4)?
3
Let u(w) = -w**2 + 4*w + 2. Let a(z) = -z**3 - 5*z**2 - 3*z - 11. Let h be a(-5). Calculate u(h).
2
Let k be -3 + (1 - -6) - 4/(-1). Let r(i) = i**2 - 10*i + 7. Give r(k).
-9
Let g(t) = t**3 - 3*t**2 + t. Suppose 5*o + 15 = -5*v, 0 = 3*v + 2*v - 5*o - 35. Calculate g(v).
-2
Suppose 2*p = 4*u - 12, 0 = 6*p - p - 20. Suppose u*x - q = -2, -2*q = -1 + 7. Let d(c) be the third derivative of c**6/30 + 2*c**2. Calculate d(x).
-4
Let t(g) = -2*g + 8. Suppose u - 16 = 5*d, 6 - 4 = -d. What is t(u)?
-4
Let h(z) = -5*z**2 - 4*z - 9. Let r(n) = -4*n**2 - 3*n - 8. Let f(t) = 3*h(t) - 4*r(t). Give f(-4).
21
Suppose 19 = 8*u + 67. Let c(z) = z**3 + 6*z**2 + 3*z + 1. Determine c(u).
-17
Let w(o) = o**3 - o**2 - o - 7. Let d = 7 + -7. What is w(d)?
-7
Suppose -3*t + 8*t = 2*s - 1, 3*t - 15 = 0. Let g(o) = -9 - 5 - 4*o + s. Give g(1).
-5
Let j(n) = -5*n + 2. Let i(z) = z**3 - 11*z**2 + 4*z - 42. Let c be i(11). Determine j(c).
-8
Let t(f) = f**2 + 4*f - 2. Let b be t(-5). Let i(l) = 2*l + 6. Let h(n) = 3*n + 7. Let d(k) = b*h(k) - 4*i(k). Let p be ((-6)/(-4) - 2)*-10. Calculate d(p).
2
Let s(k) = 0*k + k**2 + 0*k**2 + k + k. Calculate s(-4).
8
Let o(k) = -k**3 + 13*k**2 + 14*k + 3. Let w be o(14). Let a(m) = -m**2 + 2*m + 1. Calculate a(w).
-2
Let p(u) be the third derivative of u**5/60 - 5*u**4/12 + 2*u**3/3 - 23*u**2. Calculate p(10).
4
Let b(o) = -o**3 + 6*o**2 + o - 5. Let v(i) = -6*i**3 + 31*i**2 + 6*i - 26. Let a(w) = 11*b(w) - 2*v(w). Give a(-4).
1
Let r(k) = k**3 - 3*k**2 - 5*k + 2. Suppose 4*l - 12 = -0*m + 2*m, 6 = 2*l + 3*m. Give r(l).
-13
Let v(q) = -4*q**2 - 5*q - 4. Let d(i) = -i**2 - 2*i - 1. Let l(c) = -7*d(c) + 2*v(c). Determine l(5).
-6
Let x(z) = -z - 10. Let v = 127 - 132. Calculate x(v).
-5
Let k(x) = x**3 - 10*x**2 - 6*x - 3. Let t(i) = i**3 - 9*i**2 - 5*i - 2. Let h(f) = -5*k(f) + 6*t(f). Let m be -2 - (-6)/(-1 + 2). Calculate h(m).
3
Let y(f) = -9*f. Let p(t) = -t + 1. Let v(m) = -4*p(m) + y(m). Calculate v(4).
-24
Suppose 6*t = 4*t - 2. Let f(c) = 11*c - 4. Suppose -4*b - 18 = 2*q, 18 = -2*q - b - 0*b. Let h(u) = -3*u + 1. Let v(m) = q*h(m) - 2*f(m). Determine v(t).
-6
Suppose 0 = -2*y + l - 11, -l = -3*l + 6. Let z(u) = -4*u - 5. Calculate z(y).
11
Let n(s) = s**2 - 13*s + 9. Let w = 4 + 8. Let m be n(w). Let j(y) = 3*y. Give j(m).
-9
Suppose 3 + 3 = 2*g. Let q(p) = -7*p**3 - 2*p + p - g*p - 1 + 3*p. Give q(-1).
7
Suppose -9 = -3*x + 6. Let m(j) = j. Give m(x).
5
Let y(c) = -c**3 - 4*c**2 + 7*c + 5. Let t = 0 + 2. Suppose t*z + 9 = -5*x - 18, -5 = 5*z. Calculate y(x).
-5
Suppose -4*m = 2*m + 42. Let f(s) = -s - 15. Calculate f(m).
-8
Let z(j) = j - 1. Let c(l) = 2 - 16 - 6 + 4 + 3*l. Let m(s) = -c(s) + 2*z(s). Calculate m(0).
14
Let i(d) = d + 8. Let a be i(-6). Let c(g) = -3*g + 0*g + g. Calculate c(a).
-4
Let u(h) be the second derivative of -1/6*h**3 + 0 + 4*h**2 - 7*h. Determine u(5).
3
Let k(w) = w**3 + 5*w**2 - 6*w - 3. Let c(a) = a**3 + 3*a**2 + 2*a. Let v be c(-3). Give k(v).
-3
Let o(r) = -3*r - 6. Suppose -b = 3*k + 23, -3 = 4*k + 9. Let t = b - -10. What is o(t)?
6
Let k = -10 - -7. Let u(w) be the first derivative of w**4/4 + w**3/3 - 2*w**2 + w + 32. Calculate u(k).
-5
Let n(r) = 11*r**2 - 7*r - 7. Let u(d) = 10 + 8*d**2 + 10*d - 12*d**2 - 12*d**2. Let h(w) = 7*n(w) + 5*u(w). What is h(-1)?
-3
Let c(d) be the first derivative of d**4 + d**3 - 8*d**2 + 3*d - 1. Let z(a) = 3*a**3 + 2*a**2 - 11*a + 2. Let i(l) = -5*c(l) + 7*z(l). Give i(2).
9
Let x(s) be the first derivative of -s**4/6 + s**3/3 - 3*s**2/2 + 2. Let v(o) be the second derivative of x(o). Determine v(3).
-10
Let z(m) be the second derivative of -m**3/6 + 2*m**2 + m. Suppose 0 = -9*w + 16*w - 21. Calculate z(w).
1
Let h = -8 + 5. Let x(l) = l**2 - 1. Let z(k) = 2*k**2 + 3*k - 4. Let p(b) = x(b) - z(b). Determine p(h).
3
Let d(i) be the first derivative of 0*i + 1 + 4/3*i**3 + 0*i**2. Let w be (-2)/3*66/(-44). Determine d(w).
4
Let p be (2/(-4))/(3/(-30)). Let f(r) = -2*r**2 + r**3 + 3*r + p + 0*r - 8. Let l(n) = n - 4. Let v be l(6). Calculate f(v).
3
Let r be 1 + 0 - -3 - -2. Let u(o) = 9*o + 1 - 8*o - r. Determine u(4).
-1
Let g(z) be the third derivative of 0*z - z**2 + 1/24*z**4 + 1/60*z**5 + 0 - 1/6*z**3. Give g(-4).
11
Let p(w) = w**2 + 6*w + 6. Let y(t) = t**3 - 8*t**2 - 8*t - 9. Let u be y(9). Suppose -4 = k - u. What is p(k)?
-2
Let u(i) be the third derivative of i**5/60 + i**4/12 - i**3/6 + i**2. Let l be (-4)/(-18) - (-158)/18. Let n = l + -13. Give u(n).
7
Let m = 2 + 1. Suppose 3*j - o + 2 = 0, m*o - 5 - 5 = 5*j. Let t = j + 1. Let s(z) = -z**2. What is s(t)?
-4
Let z(d) be the second derivative of -3*d**5/20 - d**4/12 + d**2/2 - 2*d. Let m be -1 + -1 - 8/(-2). Suppose 2*n + m = 4*n. Calculate z(n).
-3
Let i be 18/24 + 6/(-8). Suppose i*r - 3 = -r. Let u(z) be the third derivative of z**5/60 - z**4/8 + 2*z**2. Calculate u(r).
0
Let p(s) = -s**3 - 5*s**2 - s. Let l be p(-5). Let k(v) = -v**3 + 4*v**2 + 5*v + 6. Determine k(l).
6
Let q(h) = -4*h + 5 + 3*h + 0*h. Let k = -6 + 6. Let j be q(k). Let o(z) = z - 5. Determine o(j).
0
Let d(t) = -3*t - 6. Let k be d(-3). Let b(w) be the second derivative of -3/2*w**2 - w**k - w - 1/12*w**4 + 0. Determine b(-4).
5
Let j(y) = y**3 - y + 4*y**2 + 10*y**2 - 12*y**2. Let t be j(-3). Let z(o) = -o**3 - 5*o**2 + 8*o + 9. What is z(t)?
-3
Let c(x) = -7*x - 9 + 4*x**2 - 4*x**3 + 5*x**3 + 2*x**2. Calculate c(-7).
-9
Let r(q) = -2*q**2 - 1. Suppose -2*k + 5*y - 6 = 0, -5*k + 0*k - 34 = -3*y. Let j(l) = l**2 + 7*l - 9. Let w be j(k). Give r(w).
-3
Suppose 3*i = d + 7, -3*d = i - 9 - 0. Suppose 5*q - 6 = d*q. Let b(c) = 2*c**3 - c**2 - 4*c + 3. Determine b(q).
7
Let f(j) be the first derivative of j**2/2 - j - 7. Calculate f(-6).
-7
Let t(o) = -8*o - 1. Let h = -14 - -17. Suppose 2*p = -p - h. Give t(p).
7
Let n(h) = 2*h**2 - 5*h + 7. Let z(r) = 6*r**2 - 15*r + 20. Let t(l) = 8*n(l) - 3*z(l). Let b(o) = o + 8. Let c be b(-8). Let j = c - -3. Give t(j).
-7
Let p = -11 + 15. Suppose -4*t - 2*m = 3 + 3, 2*t = p*m + 2. Let y be -8 + 5 + t + -1. Let k(n) = -n**3 - 4*n**2 + 5*n + 5. Determine k(y).
5
Suppose -f = -3*a - 3 - 1, -5*f - 2*a + 3 = 0. Let z(m) = f - 2*m - 2*m + m**2 + 3*m - m**3. Let g be (0/(-3) - -2)*1. Give z(g).
-5
Suppose 0 = -q + 6*q. Suppose -4*v + 4*n + 0*n - 36 = 0, q = 3*n - 9. Let x(r) = -8*r. Let a(d) = 7*d - 1. Let y(l) = v*a(l) - 5*x(l). Give y(4).
-2
Let b be 4 + (8/2)/(-2). Let y = -2 + b. Let u(s) = y*s**2 - 6 + s**2 + 3 + 3*s. What is u(-4)?
1
Let w(k) = -k - 1. Let u(n) = n + 8. Let i(d) = u(d) + 5*w(d). Suppose -y = 3*z + 2*z + 10, 14 = y - z. Let c be ((-8)/y)/(4/(-10)). What is i(c)?
-5
Suppose 2*h = -h. Let o = -1 + h. Let r(w) = 8*w**2 + 2*w + 1. Calculate r(o).
7
Let v be 1 + (-2 - -2) - -1. Suppose 0 = -3*p + 9 + 9. Let y(z) = 4*z - p*z + z**2 + z**2. What is y(v)?
4
Let d(t) = -2 + 3 + 6*t**2 - t**2. What is d(1)?
6
Suppose 2*o + 2*o + 12 = 0. Let t = -2 - o. Let a(f) = -f**3 + 4*f**2 - 4*f + t + 3*f - 2*f. Calculate a(3).
1
Suppose 5 = 3*a - 4. Let r(j) = -4*j**3 - 2 + 5*j + a*j**3 - 1 - 4*j**2. Suppose 18*i = 14*i - 20. Give r(i).
-3
Let t(c) = c**3 + 3*c**2 - 5*c - 6. Let g(w) = w**2 - 10*w + 12. Let i be g(9). Suppose 3*a - 5*d = 13, 3*d = -i*a + 5*d - 2. Calculate t(a).
-2
Let m(z) = z**2 - 9*z - 2. Let q be m(6). Let j = 14 + q. Let f(a) = -2*a - 7. Calculate f(j).
5
Let t be (-1)/1*(-1 + 4). Suppose -u + 14 = -5*j, 0 = -0*u - 2*u + 3*j + 14. Let q(z) = -u*z + 5*z + 0*z**2 + z**3 + 2*z**2 + z**2. Calculate q(t).
-3
Let f(g) be the third derivative of g**5/30 - g**4/8 - 2*g**3/3 + 22*g**2. Suppose t + 2 = -4. Let o = t + 9. Give f(o).
5
Suppose -10*q = -11*q + 4. Let r(c) = 7*c**2 - c - 1. Let l(t) = t**2. Let f(v) = -6*l(v) + r(v). What is f(q)?
11
Let u(p) be the third derivative of -1/24*p**4 + 0*p - 4*p**2 + 1/60*p**5 + 0 - 1/120*p**6 - 1/3*p**3. Give u(2).
-8
Suppose -b + 2 = b, -4*g - 3 = 5*b. Let m(t) be the third derivative of -t**6/60 - t**5/30 + t**4/24 - t**3/3 - 2*t**2. Determine m(g).
4
Let q(t) = 4*t. Let i be 26/(-52) - (-2)/(-4). What is q(i)?
-4
Let y(m) = -m**3 - 3*m**2 + 6*m + 5. Suppose 0 = -l + 5*c + 1, 0 = -4*l + 5*c - 11. What is y(l)?
-3
Let k(l) = -7*l**2 + 7*l + 13. Let v(a) = -4*a**2 + 3*a + 6. Let n(x) = -3*k(x) + 5*v(x). G